uppose 4*u - 150 = m*u. Suppose u = 4*i + 2*n, -3*i + 3*n - 43 = -178. What is the greatest common factor of i and 10?
10
Suppose 7*y - 23 = 19. Let g be 10/6 + 5/15. Let r be (-7 - -9)/(g - 11/y). Calculate the greatest common divisor of 36 and r.
12
Suppose -14 = w - 26. Let p be (495/15)/(w/28). Calculate the highest common factor of p and 11.
11
Suppose 4*p - 5*x - 140 = 0, -3*p + p - 2*x + 52 = 0. Let w = p + -20. Let a = w - 7. What is the greatest common factor of a and 6?
3
Let m = -1542 + 1568. Let u = -487 - -721. Calculate the highest common factor of m and u.
26
Suppose 4349 + 6079 = -94*g + 173*g. What is the greatest common factor of 11044 and g?
44
Suppose 4*t = -3*o + 213, t + 4*t - 270 = -5*o. Suppose 3*q + 53*a - 52*a = 665, 0 = a - 2. Calculate the highest common divisor of q and t.
17
Let m(h) = 549*h + 24. Let b be m(4). Calculate the highest common divisor of 74 and b.
74
Suppose -5*y + 29 - 11 = 2*g, 5*g = 2*y + 74. Let u be 84/98 + 198/g. Calculate the highest common divisor of 45 and u.
15
Let i be 10/15 + 178/3. Let f be 60 - (2/(-11) - 58/(-319)). Suppose -4*y = -y - 2*p - f, -80 = -4*y + 4*p. Calculate the highest common factor of i and y.
20
Suppose -58 = -3*r - j + 86, 240 = 5*r + j. Calculate the greatest common divisor of r and 168.
24
Let t(h) = 26*h + 57. Let x be t(-10). Let u = 205 + x. What is the greatest common divisor of 4 and u?
2
Let q = 84 - 83. Let k be 24/36 + q*(-230)/(-6). Calculate the highest common factor of 26 and k.
13
Let p be (8 - 6) + 30 - -1. What is the greatest common divisor of 1716 and p?
33
Let h = -85 - -86. Let j be (1 + 2 - 0/h) + 12. Let b be -8*(-383)/10 - 6/j. Calculate the highest common factor of 34 and b.
34
Suppose 2099 = -10*x + 8459. Let u(k) = -k**3 + 11*k**2 + 3*k - 21. Let m be u(11). Calculate the highest common factor of m and x.
12
Suppose -3*h + 2*q - 19 = -479, -2*h - q = -295. Let y be h/8 - (-5)/20. Calculate the highest common divisor of 38 and y.
19
Let i = 270 - 266. Suppose 0*c - c = -i*s - 37, -4*c + 218 = -2*s. Calculate the highest common factor of 95 and c.
19
Let a = 20 + -10. Let n be (8/a + 0)*(-50)/(-1). Suppose -5*p + n = -0*p. What is the highest common factor of 24 and p?
8
Suppose 2*g - 24 = 5*m + 4, 5*m + 27 = 3*g. Let s be (-686)/m + 112/(-21) + 5. Let a = s + -23. What is the highest common divisor of 13 and a?
13
Suppose -4*t - t = -5*l - 30, -3*t - 5*l + 26 = 0. Suppose h = -5*s + 110, -3*h + 8*h - 4*s - 521 = 0. What is the greatest common factor of h and t?
7
Let x(h) = -63*h - 140. Let o be x(-3). What is the greatest common divisor of 1099 and o?
7
Suppose -9 = -i + 6. Suppose 20*u = 30*u + 300. Let f be (-210)/10*(u/(-21))/(-1). What is the greatest common factor of f and i?
15
Let f(g) = 424*g + 12617. Let b be f(0). Calculate the greatest common divisor of 11 and b.
11
Let m = -1035 + 1047. What is the highest common factor of 5922 and m?
6
Let r(b) = 2*b**3 + 27*b**2 + 50*b + 18. Let o be r(-10). Let l be 1*-2*(1 - 4). Let j be o/l + (-4)/12. What is the greatest common divisor of j and 288?
36
Let i(j) = 13*j - 15. Let z be i(1). Let o be ((-10)/4 - 0)*2*z. What is the highest common factor of o and 4?
2
Suppose 2*s = -7 + 1, -42 = -d - s. Let q = 64 - d. Let x = 2947 - 2814. Calculate the greatest common divisor of x and q.
19
Let w = 4857 - 4851. Let v(f) be the third derivative of f**4/8 - 2*f**3 - 2*f**2. Let g be v(8). Calculate the highest common divisor of g and w.
6
Suppose -666*z - 938808 = -887*z. Calculate the highest common factor of 216 and z.
72
Let p(n) = -2*n**3 + 2*n**2 + 104*n + 443. Let k be p(-4). Calculate the greatest common divisor of k and 221.
17
Suppose 5*f + 7345 = 8*f + g, -2*g = -f + 2446. Calculate the greatest common factor of 153 and f.
153
Let l = -5 + 33. Let t be (-2 - -5)/((-3)/(-56)*8). Calculate the highest common factor of t and l.
7
Let x = -21493 + 22357. What is the greatest common factor of x and 480?
96
Suppose -a - 2*o + 4404 = 778, a + 3*o = 3633. What is the highest common factor of 672 and a?
84
Suppose -3*g = 3*b - 174, -5*g = 5 - 15. Suppose 2*p = -p + 228. Suppose 5*o - 58 = -4*l, -5*o + 5*l + p = 3*l. What is the highest common divisor of o and b?
14
Let q be ((-7)/((-315)/60))/(-1 + 633/621). What is the greatest common factor of q and 5244?
69
Suppose 12*j - 5*j = 21. Let d be 3*((-20)/15 + j). Suppose -3*o = 7*o - 200. What is the highest common divisor of o and d?
5
Let k = -19721 - -20020. What is the highest common factor of 2231 and k?
23
Let t = 142 + -42. What is the greatest common divisor of 1180 and t?
20
Let m(l) = -12 - 5*l - 95*l**2 + 96*l**2 + 3*l. Let v be m(-3). What is the greatest common factor of v and 17?
1
Let m = 4664 + -3514. Calculate the greatest common factor of m and 184.
46
Let s(n) = 9*n - 5. Let y = -5 + 11. Let b be s(y). Suppose 0 = 2*a + 5*q - 9*q - 1042, -2*a + 1105 = 3*q. What is the greatest common factor of a and b?
49
Suppose -1368*t + 1366*t + 490 = 0. Calculate the greatest common factor of 15 and t.
5
Let g(c) = 43*c**3 + 10*c**2 + 32*c - 216. Let n be g(6). Calculate the greatest common divisor of n and 24.
24
Suppose 7*t = 5*t + 4. Suppose -5*p = 3*u - 187 - 217, t*p - 5*u = 174. Let a = p - 14. Calculate the greatest common factor of a and 102.
34
Let r(a) = -a**3 + 19*a**2 + 4*a - 4. Let f be r(19). What is the greatest common divisor of f and 63?
9
Let x = -4469 + 4521. Calculate the highest common factor of x and 403.
13
Let b = 13571 - 8543. What is the greatest common divisor of 12 and b?
12
Let a = 1804 + 7196. Calculate the highest common divisor of a and 10.
10
Let v(c) = -c**3 + 98*c**2 - 69*c + 396. Let i be v(97). What is the greatest common divisor of 8 and i?
8
Let i(h) = 148*h - 3926. Let n be i(29). Calculate the highest common factor of n and 183.
183
Let v be -49 + 53 - (2 - 666). Calculate the highest common factor of v and 2.
2
Let i(k) = 138*k**2 + 3 + 133*k**2 + 4 - 4 - 4. Let o be i(-1). What is the greatest common divisor of o and 30?
30
Let r be 0 + 1 + (-4 + -912)/(-2). Suppose -54*t + 51*t + r = 0. What is the greatest common factor of t and 9?
9
Suppose 0 = -2043*z + 2047*z - 784 - 332. Calculate the greatest common divisor of 1302 and z.
93
Let i(o) be the second derivative of -2 - 5/12*o**4 + 7/2*o**3 - 6*o + 5/2*o**2. Let g be i(4). What is the highest common divisor of 99 and g?
9
Suppose 0 = -3*c - 2*g + 1317, -5*g - 2227 + 7 = -5*c. Suppose -c = 4*u - 6*u + 3*h, -u + 3*h = -213. Calculate the greatest common divisor of u and 12.
12
Let x(h) = -h**3 + 3*h**2 - 39*h + 76. Let v be x(2). Calculate the highest common divisor of v and 974.
2
Let c be ((-6402)/165)/((-8)/10)*-2. Let g = 32 - c. What is the greatest common factor of g and 3?
3
Let p = -20379 + 25376. What is the highest common divisor of 19 and p?
19
Let a be 1*(-210)/(-12)*278. Calculate the greatest common factor of a and 70.
35
Let k = -110 + 124. Suppose 6*b - 81 = 3*b. Suppose b*o - 378 = 24*o. What is the greatest common divisor of k and o?
14
Let a = -116 + 115. Let d be ((-285)/30 + 10)/(a/(-20)). Suppose -60 = -4*i - 0*i. Calculate the greatest common divisor of i and d.
5
Let i be 22/143 + 1 + 342/(-26). Let r be 2/(10/i*(-8)/10). What is the highest common factor of 21 and r?
3
Suppose -4*p + 3*g = -1575, 2*p - 12*g - 812 = -14*g. Calculate the highest common factor of 98 and p.
7
Let k be (-422)/(-38) - (-256)/(-2432) - -4113. Calculate the greatest common divisor of 4 and k.
4
Let v be (-36)/10*(-10)/4. Let f = v - 0. Suppose -3885 + 3849 = -12*w. What is the greatest common factor of f and w?
3
Let y be (-20)/140 - (-645)/7. Let f(g) = 6*g - 3. Let a be f(1). Suppose -a = 2*d - 49. Calculate the greatest common divisor of d and y.
23
Let g be (5/6)/((-55)/(-44))*(-360)/(-5). What is the greatest common factor of 1536 and g?
48
Suppose 5*l + 0*l - 3*x = 47, -2*l - 5*x - 6 = 0. Let m(j) = j**2 + 2*j - 10. Let o be m(l). Calculate the highest common divisor of 212 and o.
53
Let t be (-9 + (3 - 0))*116/(-8). Suppose t*f = 88*f - 59. Suppose 0 = -4*z - 4*i + 13 + f, 5*z - 84 = -3*i. Calculate the greatest common factor of z and 15.
15
Let r = -75 - -145. Suppose -15*i = -16*i + r. Suppose 2*h + 4*j = 76, -3*h + 4*j = -j - i. Calcu